 9*n**2 - 2*n - 15. Give u(-8).
-63
Let n(i) = 382*i + 3818. Give n(-10).
-2
Let r(h) = 2*h**3 - 21*h**2 - 28*h - 16. Calculate r(12).
80
Let x(d) = -d**2 + 57*d + 97. Determine x(58).
39
Let f(y) = 94*y**3 + 223*y**2 - 175*y + 1. Calculate f(-3).
-5
Let h(v) = v**3 - 18*v**2 + 3*v - 17. What is h(5)?
-327
Let z(j) = 3*j**2 + 19*j - 155. Determine z(-11).
-1
Let s(d) = -d**2 - 34*d + 153. Give s(-35).
118
Let q(f) = -388*f + 133477. What is q(344)?
5
Let w(b) = b**3 - 2*b + 497. Determine w(0).
497
Let u(p) = -p**2 + 50*p - 227. What is u(9)?
142
Let a(v) = 2*v**2 + 91*v - 82. Calculate a(-46).
-36
Let q(g) = -g**3 - 34*g**2 - 152*g - 209. Give q(-29).
-6
Let v(h) = -30*h**3 - 76*h**2 + 9*h + 9. Give v(-3).
108
Let w(z) = -732*z - 7302. What is w(-10)?
18
Let g(m) = -2*m**2 - 4*m - 40. Give g(-6).
-88
Let d(h) = -14*h**3 + 10*h**2 + 16*h + 7. Calculate d(-1).
15
Let q(b) = -b**2 - 75*b + 493. Determine q(-82).
-81
Let k(d) = d**3 + 52*d**2 - 3*d - 89. Give k(-52).
67
Let y(s) = 2*s**3 - 23*s**2 + 3*s - 215. Calculate y(12).
-35
Let o(z) = 2*z**3 - 86*z**2 + 3*z - 130. Determine o(43).
-1
Let h(f) = -f**2 + 24*f + 1738. Calculate h(-31).
33
Let n(i) = -15*i**2 - 293*i - 846. Give n(-16).
2
Let b(o) = 372*o + 7813. Give b(-21).
1
Let j(k) = k**3 + 57*k**2 - 172*k - 6615. Give j(-58).
-3
Let p(a) = a**2 - 115*a - 3863. Calculate p(142).
-29
Let c(d) = 28*d**3 + 2*d**2 + 4*d - 5. What is c(1)?
29
Let i(f) = -185*f - 252. Determine i(-4).
488
Let s(z) = z**2 + 173*z + 6843. What is s(-112)?
11
Let h(f) = 345*f**2 + 17249*f - 58. What is h(-50)?
-8
Let n(u) = -3*u**3 + 26*u**2 - 14*u - 27. Calculate n(8).
-11
Let y(g) = g**3 + 7*g**2 - 14*g + 8. What is y(2)?
16
Let q(v) = 2057*v + 12367. What is q(-6)?
25
Let g(j) = 664*j - 678. What is g(1)?
-14
Let v(i) = -i**3 - 3*i**2 - 174*i - 913. What is v(-5)?
7
Let h(l) = 2*l**2 - 30*l - 577. Determine h(26).
-5
Let l(o) = 317*o + 4420. Calculate l(-14).
-18
Let f(c) = 2*c**3 - 3*c**2 - 17*c - 107. Calculate f(-6).
-545
Let j(n) = 5*n**3 - 5*n**2 + 3*n + 9. Give j(-3).
-180
Let d(l) = l**2 + 24*l - 9. Calculate d(-24).
-9
Let g(q) = 9*q - 134. What is g(3)?
-107
Let z(u) = 41*u**2 - 360*u - 8. Determine z(9).
73
Let d(f) = -1991*f + 5965. Give d(3).
-8
Let l(m) = 150*m - 6602. Give l(44).
-2
Let g(m) = 4*m**3 - 54*m**2 - 34*m + 13. Calculate g(14).
-71
Let y(n) = 25*n**3 - 5*n**2 - n + 2. What is y(-2)?
-216
Let v(s) = -9*s - 116. Calculate v(-22).
82
Let q(j) = 9*j**3 - 13*j**2 + 3*j - 13. Determine q(4).
367
Let z(l) = 16*l - 127. Determine z(5).
-47
Let p(m) = -20*m**3 - 6*m**2 - 3*m - 1. Calculate p(-2).
141
Let a(b) = 381*b - 10283. Calculate a(27).
4
Let f(a) = a**2 - 24*a - 947. Calculate f(45).
-2
Let l(w) = 32*w + 324. What is l(-18)?
-252
Let f(r) = -5*r**3 - 57*r**2 + 19*r - 8. Determine f(-12).
196
Let g(k) = 4*k**2 + 285*k - 5183. Calculate g(15).
-8
Let b(q) = -2*q**2 + 38*q - 47. What is b(21)?
-131
Let w(o) = 276*o - 48010. Determine w(174).
14
Let z(d) = 2*d**2 - 40*d - 57. Calculate z(16).
-185
Let t(b) = 2*b**3 + 37*b**2 + 77*b + 19. Give t(-14).
705
Let g(a) = a**2 + 64*a + 850. Give g(-24).
-110
Let c(x) = 3*x**3 + 19*x**2 + 28*x + 5. Give c(-3).
11
Let u(l) = 4*l**2 - 40*l + 46. What is u(14)?
270
Let u(q) = -2*q**2 - 63*q - 432. Determine u(-10).
-2
Let h(l) = 12*l**2 - 612*l - 1. Determine h(51).
-1
Let w(l) = l**2 + 10*l + 10. What is w(6)?
106
Let m(k) = k**3 - 6*k**2 - 25*k + 55. Give m(8).
-17
Let a(v) = -26*v - 1346. Give a(-50).
-46
Let j(k) = k**3 - 29*k - 36. Determine j(-5).
-16
Let r(l) = 28*l - 162. Determine r(11).
146
Let z(p) = -2*p**3 + 22*p**2 - 2*p + 3. Determine z(11).
-19
Let r(i) = 11045*i - 11049. Calculate r(1).
-4
Let u(f) = f**2 + 457*f - 12013. Calculate u(25).
37
Let q(a) = 71*a - 2532. Give q(36).
24
Let g(v) = 6019*v - 6039. Give g(1).
-20
Let q(d) = -287*d**2 - 1427*d + 34. Determine q(-5).
-6
Let g(a) = -141*a**2 + 2395*a + 45. Determine g(17).
11
Let i(z) = -3*z**2 + 412*z - 1618. Give i(4).
-18
Let d(b) = -b**3 + 24*b**2 + 621. Give d(25).
-4
Let v(z) = -z**3 - 3*z**2 + 21*z - 53. Give v(-7).
-4
Let v(u) = -524*u + 1045. Give v(2).
-3
Let o(s) = -s**2 - 22*s + 13. Determine o(-19).
70
Let m(w) = -w**3 + 42*w**2 + 48*w - 2014. Calculate m(42).
2
Let j(a) = a**2 - 1368*a + 4090. Give j(3).
-5
Let p(h) = -2*h**2 - 22*h - 144. Determine p(-5).
-84
Let j(s) = s**2 + 126*s - 1365. Determine j(10).
-5
Let g(l) = -l**2 + 11389*l - 56913. Calculate g(5).
7
Let w(r) = r**2 + 72*r - 6084. Give w(50).
16
Let i(v) = -27*v**2 - 13*v - 6. What is i(-4)?
-386
Let i(k) = -k**2 - 14*k - 93. Determine i(-13).
-80
Let x(m) = -1873*m + 71174. Determine x(38).
0
Let p(l) = l**3 + 24*l**2 + 13*l + 7. Determine p(0).
7
Let x(g) = -2*g**2 - 124*g + 4345. Determine x(-87).
-5
Let c(o) = 2*o**2 - 49*o + 3. Determine c(21).
-144
Let v(t) = 8*t - 1. Calculate v(-9).
-73
Let k(x) = 9*x**2 - 15*x - 11. Determine k(-3).
115
Let k(h) = 2*h**2 + 3*h - 24. Calculate k(-5).
11
Let l(a) = 36*a - 1375. What is l(38)?
-7
Let q(a) = 122*a + 874. Give q(-7).
20
Let o(h) = -20*h + 1481. Determine o(75).
-19
Let r(b) = -b**2 + 12*b + 67. What is r(15)?
22
Let c(r) = -r**3 + 34*r**2 + 51*r + 98. Give c(35).
658
Let j(g) = 817*g - 8991. Determine j(11).
-4
Let b(i) = -3078*i - 21456. Determine b(-7).
90
Let k(r) = -r**2 - 2*r - 257. Give k(0).
-257
Let m(k) = -k**3 - 11*k**2 + 45*k + 254. Determine m(-13).
7
Let b(n) = 23382*n - 70153. Give b(3).
-7
Let w(n) = -4*n**2 + 88*n + 55. Give w(21).
139
Let i(v) = -2*v**3 + 11*v**2 + 199*v - 1025. Give i(5).
-5
Let f(r) = -3*r**3 - 20*r**2 + 6*r. Determine f(0).
0
Let k(s) = 430*s - 22796. Determine k(53).
-6
Let l(r) = 15*r**3 - r**2 - r + 1. Calculate l(-1).
-14
Let s(o) = 2*o**3 + 13*o**2 - 60*o + 42. Calculate s(2).
-10
Let r(t) = 67*t - 1198. What is r(17)?
-59
Let r(c) = -c**2 + 25*c - 13. Calculate r(31).
-199
Let j(r) = 2*r**2 - 6*r + 14. Calculate j(4).
22
Let t(q) = -3*q**2 + 320*q - 2908. What is t(10)?
-8
Let r(d) = 1415*d + 8612. Calculate r(-6).
122
Let z(h) = -2*h**3 + 55*h**2 + 2780*h - 48. Give z(-26).
4
Let j(f) = -2*f**2 + 85*f + 970. Determine j(-14).
-612
Let n(b) = -37*b**3 + 7*b**2 - 8*b + 7. Give n(1).
-31
Let w(f) = -2*f**2 - 17*f + 64. Give w(3).
-5
Let f(c) = 21*c + 85. What is f(-4)?
1
Let h(v) = 1174*v - 106829. Determine h(91).
5
Let u(k) = 31*k + 1521. What is u(-49)?
2
Let n(o) = -53*o + 330. Give n(8).
-94
Let o(g) = -g**3 + 5*g**2 - 34*g - 12. Calculate o(7).
-348
Let z(g) = -g**3 + 16*g**2 + 155*g - 27. Give z(23).
-165
Let f(r) = 2*r**2 - 32*r + 1. Determine f(-10).
521
Let h(n) = 183*n + 50711. Determine h(-277).
20
Let h(l) = 689*l - 4147. Calculate h(6).
-13
Let z(j) = 2*j**2 + 38*j + 6. Give z(-18).
-30
Let h(u) = -689*u + 8240. What is h(12)?
-28
Let l(f) = -2*f**2 - 8*f + 758. Calculate l(21).
-292
Let h(q) = -55*q**3 - 384*q**2 - 7*q - 5. Give h(-7).
93
Let h(c) = 1334*c - 1338. What is h(1)?
-4
Let f(m) = -557*m + 2784. Give f(5).
-1
Let k(y) = -65*y + 66. Determine k(-5).
391
Let p(t) = t**3 - 4*t**2 + 2*t. Calculate p(1).
-1
Let j(n) = -9*n**2 - 5*n + 14. Give j(1).
0
Let i(t) = t**3 + 11*t**2 - 33*t + 17. What is i(-14)?
-109
Let r(u) = 25*u - 207. Calculate r(7).
-32
Let x(i) = -14*i**2 - 177*i + 14. What is x(-13)?
-51
Let r(c) = -6*c**3 + 31*c**2 + 10*c + 5. Calculate r(5).
80
Let t(f) = -2*f**3 + 70*f**2 - 326*f + 14334. Determine t(36).
6
Let p(u) = 25*u + 7. Give p(1).
32
Let u(q) = -38*q - 102. Give u(-12).
354
Let x(r) = 2*r**2 + 7*r - 17. Determine x(-7).
32
Let l(d) = -2*d**3 - 17*d**2 + 20*d + 194. What is l(-8)?
-30
Let o(l) = -2449*l + 5079. Give o(2).
181
Let w(l) = -29*l + 360. Calculate w(6).
186
Let i(x) = -18*x - 297. Calculate i(-17).
9
Let g(l) = -5*l**2 - 23*l - 52. Calculate g(-14).
-710
Let q(g) = -2*g**3 + 30*g**2 + 9*g - 102. What is q(15)?
33
Let b(h) = -h**2 - 367*h - 31954. Give b(-142).
-4
Let z(h) = -148*h - 3438. Calculate z(-23).
-34
Let j(h) = 1472*h**2 + 7358*h - 5. What is j(-5)?
5
Let u(x) = 3*x**3 - 17*x**2 - 17*x + 71. What is u(6)?
5
Let l(t) = -t**3 + 28*t**2 + 250*t - 200. What is l(35)?
-25
Let j(d) = -44*d + 4508. Determine j(102).
20
Let k(d) = -12*d**2 + 30*d + 271. Calculate k(-7).
-527
Let y(l) = 2*l**2 + 326*l + 10949. Determine y(-115).
-91
Let b(u) = -